st common divisor of 289766 and 22.
2
Calculate the greatest common factor of 59481716 and 308.
28
Calculate the greatest common divisor of 10782 and 4836326.
1198
Calculate the greatest common divisor of 4841716 and 286.
22
What is the highest common factor of 8568 and 76058?
34
Calculate the highest common factor of 7292 and 21338215.
1823
What is the highest common factor of 257056 and 10253432?
2216
Calculate the greatest common factor of 140596 and 8012.
4
Calculate the greatest common factor of 39852 and 787320.
972
Calculate the greatest common factor of 308 and 16160298.
154
What is the greatest common divisor of 636778 and 5427218?
5842
What is the greatest common divisor of 2736 and 17469?
9
What is the highest common divisor of 64201134 and 18?
6
Calculate the greatest common factor of 37519248 and 42.
6
Calculate the greatest common factor of 55176 and 1469666.
242
What is the greatest common divisor of 12 and 1449651?
3
Calculate the highest common divisor of 6 and 14626814.
2
Calculate the highest common divisor of 22751092 and 104.
52
Calculate the highest common factor of 135606 and 147246.
582
Calculate the greatest common divisor of 2921 and 11235309.
127
Calculate the greatest common divisor of 29084666 and 2314.
2314
Calculate the highest common divisor of 128320 and 4126290.
4010
Calculate the highest common divisor of 131454 and 26594910.
1962
Calculate the highest common factor of 1080 and 2847420.
540
What is the greatest common divisor of 710 and 25056410?
10
Calculate the highest common factor of 22106735 and 1605.
535
Calculate the greatest common factor of 152900 and 636.
4
What is the greatest common factor of 1432917 and 2336?
73
What is the highest common divisor of 5902815 and 10?
5
Calculate the greatest common divisor of 311080 and 303.
101
What is the highest common factor of 183 and 520510316?
61
Calculate the highest common factor of 459 and 367013.
17
What is the greatest common divisor of 17300024 and 6104?
56
What is the greatest common factor of 2686833 and 23759?
1033
What is the greatest common divisor of 105 and 84218280?
15
What is the highest common factor of 11930 and 1136929?
1193
What is the greatest common factor of 53046 and 14183911?
2947
What is the greatest common factor of 355589 and 4862?
221
What is the greatest common divisor of 1348011 and 9219?
21
Calculate the greatest common divisor of 648 and 222321348.
324
What is the highest common divisor of 8154618 and 11820?
1182
What is the greatest common divisor of 8435 and 6862475?
1205
What is the highest common factor of 108585632 and 43208?
3928
What is the highest common divisor of 75 and 18995300?
25
Calculate the highest common factor of 396445 and 4841.
47
Calculate the greatest common factor of 86447 and 167140.
137
Calculate the greatest common factor of 11633698 and 17773.
2539
What is the highest common divisor of 1421 and 8279383?
49
Calculate the highest common divisor of 99256 and 12293.
19
What is the highest common factor of 433120 and 480?
160
Calculate the highest common divisor of 422360 and 2.
2
Calculate the greatest common factor of 50315523 and 222.
111
Calculate the greatest common divisor of 182733623 and 497.
71
Calculate the highest common divisor of 1463130 and 1080.
270
What is the greatest common factor of 180 and 51254220?
60
What is the greatest common divisor of 3969 and 536139?
81
What is the greatest common divisor of 1578 and 1094606?
526
What is the highest common factor of 3958 and 7074?
2
Calculate the highest common factor of 2602684 and 4336.
1084
Calculate the greatest common divisor of 4329 and 6863389.
481
Calculate the highest common divisor of 2864975 and 925.
25
Calculate the highest common factor of 32815550 and 100.
50
Calculate the highest common divisor of 7432420 and 6080.
380
What is the greatest common factor of 100688 and 20559231?
6293
Calculate the highest common factor of 1784 and 89624146.
446
What is the highest common divisor of 51 and 50724852?
3
Calculate the greatest common divisor of 590798 and 589.
31
Calculate the greatest common factor of 2570265 and 142200.
3555
What is the highest common factor of 6 and 1203933?
3
Calculate the greatest common factor of 20639166 and 6.
6
What is the greatest common factor of 3667 and 88103?
19
What is the highest common factor of 382 and 980021?
191
What is the greatest common divisor of 80 and 317303344?
16
What is the greatest common factor of 23808 and 8434728?
744
What is the highest common divisor of 89616 and 16384?
16
What is the highest common divisor of 96438329 and 13?
13
What is the highest common factor of 78381 and 9531?
27
Calculate the greatest common factor of 1 and 58377251.
1
Calculate the highest common divisor of 103 and 163882991.
103
What is the greatest common divisor of 4813456 and 2032?
16
What is the greatest common divisor of 104390 and 10770?
10
What is the highest common factor of 4359348 and 67788?
252
What is the greatest common factor of 119847 and 3981?
3
What is the greatest common divisor of 162345 and 198650?
685
Calculate the greatest common divisor of 12664612 and 2672.
668
What is the greatest common divisor of 106953 and 25949?
77
What is the greatest common divisor of 101760 and 4179360?
480
What is the greatest common factor of 64352 and 36?
4
What is the greatest common divisor of 22390180 and 444?
148
What is the highest common factor of 728 and 61255376?
728
Calculate the greatest common factor of 2226 and 57174222.
42
Calculate the highest common divisor of 11939114 and 11088.
22
Calculate the greatest common divisor of 2704834 and 44.
22
What is the greatest common divisor of 878 and 108118237?
439
What is the highest common divisor of 2682 and 28818?
18
What is the greatest common factor of 240 and 168380?
20
Calculate the highest common factor of 1210 and 164548021.
121
What is the highest common divisor of 2220806 and 9758?
574
Calculate the highest common divisor of 15 and 18668850.
15
Calculate the highest common divisor of 3485 and 77877901.
697
Calculate the highest common divisor of 616 and 259138.
22
What is the greatest common divisor of 1227 and 796985171?
409
Calculate the highest common factor of 5 and 1880045.
5
What is the greatest common factor of 141543298 and 26?
26
Calculate the greatest common factor of 211840 and 614.
2
Calculate the highest common factor of 957627 and 429.
33
What is the highest common factor of 3796599 and 1849?
43
What is the highest common factor of 60 and 253013742?
6
What is the greatest common factor of 1 and 15301771?
1
Calculate the highest common divisor of 40932 and 176796.
108
What is the greatest common factor of 13904156 and 4?
4
Calculate the highest common factor of 3855 and 30858255.
15
Calculate the greatest common factor of 99 and 5380408.
11
What is the greatest common divisor of 563472 and 532623?
273
Calculate the greatest common divisor of 2212 and 1088122.
14
Calculate the highest common divisor of 7037265 and 5673.
183
What is the greatest common divisor of 1310 and 1039890?
10
What is the greatest common factor of 3939230 and 12685?
215
Calculate the greatest common factor of 8 and 18346742.
2
Calculate the highest common divisor of 3757 and 1405407.
289
What is the greatest common divisor of 2018716 and 71995?
119
Calculate the greatest common factor of 232389 and 75249.
81
What is the highest common divisor of 109921984 and 2608?
2608
What is the highest common divisor of 29733 and 225036834?
1749
Calculate the highest common factor of 10243494 and 288.
18
Calculate the greatest common factor of 2500470 and 1602.
18
What is the highest common divisor of 421538 and 14121?
523
Calculate the greatest common factor of 2039 and 455518717.
2039
What is the greatest common divisor of 21362200 and 3502?
3502
What is the highest common divisor of 693 and 1834756?
77
Calculate the highest common divisor of 853482353 and 47.
47
What is the highest common factor of 6587373 and 78?
39
Calculate the greatest common factor of 1685358 and 3438.
18
What is the greatest common divisor of 216 and 24355016?
8
What is the highest common factor of 105 and 653369885?
35
Calculate the greatest common divisor of 405 and 109391.
1
Calculate the hi